t is the remainder when 547 is divided by 6?
1
What is the remainder when 4617 is divided by 105?
102
What is the remainder when 539 is divided by 33?
11
What is the remainder when 92 is divided by 14?
8
What is the remainder when 229 is divided by 18?
13
Calculate the remainder when 99 is divided by 52.
47
What is the remainder when 67 is divided by 10?
7
What is the remainder when 618 is divided by 53?
35
Calculate the remainder when 60 is divided by 35.
25
Calculate the remainder when 207 is divided by 47.
19
What is the remainder when 1018 is divided by 144?
10
What is the remainder when 2109 is divided by 29?
21
What is the remainder when 312 is divided by 43?
11
Calculate the remainder when 1929 is divided by 16.
9
Calculate the remainder when 646 is divided by 79.
14
What is the remainder when 181 is divided by 17?
11
What is the remainder when 518 is divided by 47?
1
Calculate the remainder when 3364 is divided by 37.
34
Calculate the remainder when 108 is divided by 14.
10
Calculate the remainder when 215 is divided by 45.
35
What is the remainder when 43 is divided by 28?
15
Calculate the remainder when 2503 is divided by 132.
127
Calculate the remainder when 136 is divided by 71.
65
What is the remainder when 424 is divided by 142?
140
What is the remainder when 2406 is divided by 4?
2
Calculate the remainder when 491 is divided by 108.
59
Calculate the remainder when 244 is divided by 110.
24
What is the remainder when 2038 is divided by 226?
4
What is the remainder when 417 is divided by 212?
205
What is the remainder when 1244 is divided by 403?
35
Calculate the remainder when 88 is divided by 10.
8
What is the remainder when 520 is divided by 58?
56
Calculate the remainder when 11246 is divided by 20.
6
Calculate the remainder when 1145 is divided by 55.
45
What is the remainder when 244 is divided by 49?
48
Calculate the remainder when 2214 is divided by 148.
142
What is the remainder when 2439 is divided by 6?
3
Calculate the remainder when 510 is divided by 16.
14
What is the remainder when 34964 is divided by 188?
184
What is the remainder when 5711 is divided by 110?
101
What is the remainder when 744 is divided by 183?
12
Calculate the remainder when 376 is divided by 63.
61
Calculate the remainder when 97 is divided by 8.
1
What is the remainder when 8812 is divided by 58?
54
What is the remainder when 257 is divided by 36?
5
Calculate the remainder when 775 is divided by 16.
7
Calculate the remainder when 381 is divided by 24.
21
Calculate the remainder when 1891 is divided by 24.
19
What is the remainder when 1179 is divided by 3?
0
What is the remainder when 4705 is divided by 11?
8
What is the remainder when 154 is divided by 73?
8
What is the remainder when 150 is divided by 8?
6
Calculate the remainder when 391 is divided by 91.
27
Calculate the remainder when 773 is divided by 31.
29
Calculate the remainder when 1291 is divided by 19.
18
Calculate the remainder when 11344 is divided by 7.
4
What is the remainder when 116 is divided by 22?
6
Calculate the remainder when 573 is divided by 12.
9
Calculate the remainder when 250 is divided by 65.
55
Calculate the remainder when 71 is divided by 37.
34
What is the remainder when 1536 is divided by 55?
51
What is the remainder when 245 is divided by 19?
17
What is the remainder when 248 is divided by 200?
48
Calculate the remainder when 1239 is divided by 413.
0
Calculate the remainder when 46 is divided by 18.
10
What is the remainder when 1289 is divided by 9?
2
What is the remainder when 38 is divided by 8?
6
What is the remainder when 3427 is divided by 1709?
9
Calculate the remainder when 1489 is divided by 50.
39
Calculate the remainder when 159 is divided by 157.
2
Calculate the remainder when 991 is divided by 246.
7
Calculate the remainder when 9045 is divided by 232.
229
What is the remainder when 57 is divided by 53?
4
Calculate the remainder when 999 is divided by 20.
19
What is the remainder when 7425 is divided by 12?
9
What is the remainder when 3779 is divided by 9?
8
Calculate the remainder when 21389 is divided by 8.
5
What is the remainder when 345 is divided by 117?
111
What is the remainder when 127 is divided by 90?
37
What is the remainder when 375 is divided by 4?
3
Calculate the remainder when 72 is divided by 33.
6
What is the remainder when 73567 is divided by 38?
37
Calculate the remainder when 260 is divided by 29.
28
Calculate the remainder when 5149 is divided by 50.
49
Calculate the remainder when 166 is divided by 48.
22
Calculate the remainder when 7095 is divided by 8.
7
What is the remainder when 2836 is divided by 929?
49
What is the remainder when 178 is divided by 6?
4
Calculate the remainder when 203 is divided by 131.
72
What is the remainder when 963 is divided by 88?
83
Calculate the remainder when 400 is divided by 31.
28
Calculate the remainder when 64051 is divided by 11.
9
What is the remainder when 2336 is divided by 52?
48
What is the remainder when 221 is divided by 72?
5
Calculate the remainder when 627 is divided by 32.
19
Calculate the remainder when 168 is divided by 147.
21
Calculate the remainder when 5 is divided by 4.
1
Calculate the remainder when 349 is divided by 93.
70
Calculate the remainder when 270 is divided by 108.
54
What is the remainder when 67 is divided by 27?
13
Calculate the remainder when 2598 is divided by 200.
198
Calculate the remainder when 87 is divided by 10.
7
Calculate the remainder when 285 is divided by 43.
27
Calculate the remainder when 186 is divided by 41.
22
What is the remainder when 76 is divided by 10?
6
What is the remainder when 5477 is divided by 249?
248
What is the remainder when 181 is divided by 60?
1
Calculate the remainder when 199 is divided by 1.
0
What is the remainder when 563 is divided by 157?
92
Calculate the remainder when 350 is divided by 22.
20
What is the remainder when 221 is divided by 66?
23
What is the remainder when 487 is divided by 7?
4
Calculate the remainder when 380 is divided by 22.
6
What is the remainder when 10823 is divided by 44?
43
Calculate the remainder when 128 is divided by 43.
42
What is the remainder when 438 is divided by 55?
53
What is the remainder when 55 is divided by 21?
13
What is the remainder when 4443 is divided by 13?
10
What is the remainder when 638 is divided by 109?
93
Calculate the remainder when 118 is divided by 21.
13
Calculate the remainder when 4497 is divided by 12.
9
Calculate the remainder when 671 is divided by 138.
119
Calculate the remainder when 10739 is divided by 35.
29
Calculate the remainder when 558 is divided by 33.
30
Calculate the remainder when 175 is divided by 56.
7
Calculate the remainder when 204 is divided by 64.
12
Calculate the remainder when 144 is divided by 25.
19
Calculate the remainder when 12687 is divided by 90.
87
What is the remainder when 152 is divided by 41?
29
Calculate the remainder when 345 is divided by 41.
17
Calculate the remainder when 115 is divided by 106.
9
What is the remainder when 11442 is divided by 2859?
6
What is the remainder when 473 is divided by 17?
14
What is the remainder when 503 is divided by 51?
44
Calculate the remainder when 380 is divided by 99.
83
Calculate the remainder when 1291 is divided by 11.
4
Calculate the remainder when 9265 is divided by 90.
85
What is the remainder when 1019 is divided by 49?
39
Calculate the remainder when 53 is divided by 46.
7
What is the remainder when 1579 is divided by 35?
4
What is the remainder when 116 is divided by 29?
0
What is the remainder when 183 is divided by 80?
23
Calculate the remainder when 1454 is divided by 104.
102
Calculate the remainder when 106 is divided by 46.
14
What is the remainder when 1106 is divided by 185?
181
Calculate the remainder when 5180 is divided by 96.
92
Calculate the remainder when 2140 is divided by 56.
12
Calculate the remainder when 337 is divided by 69.
61
Calculate the remainder when 614 is divided by 7.
5
What is the remainder when 1074 is divided by 13?
8
What is the remainder when 22 is divided by 13?
9
Calculate the remainder when 1329 is divided by 35.
34
Calculate the remainder when 937 is divided by 236.
229
What is the remainder when 2341 is divided by 35?
31
Wha